 common factor of 6888 and 44702.
14
Calculate the greatest common factor of 104136 and 16608.
24
Calculate the highest common factor of 108 and 41887308.
12
What is the highest common divisor of 13 and 2006407?
13
What is the greatest common factor of 138938 and 1402508?
1094
Calculate the highest common factor of 13769980 and 220.
20
Calculate the highest common divisor of 1151 and 30405967.
1151
What is the highest common divisor of 7525 and 29088425?
1075
Calculate the greatest common divisor of 90 and 9427695.
15
What is the greatest common factor of 262135 and 658685?
515
Calculate the greatest common divisor of 938399 and 352.
11
Calculate the greatest common factor of 591232 and 1271.
31
What is the greatest common divisor of 119 and 4320023?
17
What is the greatest common divisor of 1250328 and 888?
24
What is the highest common divisor of 3458 and 12558798?
14
Calculate the highest common factor of 2747668 and 12100.
484
What is the highest common factor of 138131 and 11711?
49
What is the highest common factor of 185206493 and 31?
31
What is the greatest common factor of 1924587 and 126?
63
What is the highest common divisor of 76195222 and 305?
61
What is the highest common factor of 1840 and 23879290?
230
Calculate the highest common divisor of 480907206 and 40170.
8034
What is the greatest common factor of 55273 and 629207?
31
Calculate the highest common divisor of 14868902 and 4.
2
What is the highest common divisor of 3343249 and 76349?
91
What is the highest common divisor of 532 and 15237088?
76
What is the highest common divisor of 14955332 and 19908?
2212
Calculate the greatest common divisor of 28 and 6325416.
4
What is the highest common factor of 36 and 31455720?
36
Calculate the highest common divisor of 416 and 507504608.
416
What is the highest common factor of 3536 and 6150209?
221
Calculate the highest common factor of 41884 and 50617380.
1132
What is the highest common divisor of 195627 and 14457?
183
What is the highest common divisor of 162150953 and 614?
307
Calculate the highest common factor of 908150 and 25830.
410
What is the greatest common divisor of 308 and 43507200?
44
Calculate the highest common factor of 504029 and 13206.
2201
Calculate the highest common divisor of 36028070 and 26110.
3730
Calculate the greatest common divisor of 5555 and 2742655.
505
What is the greatest common divisor of 87024864 and 5472?
1824
Calculate the highest common divisor of 9334 and 3423424.
718
What is the highest common factor of 897050 and 1164534?
3262
What is the greatest common factor of 20250 and 190000?
250
Calculate the greatest common divisor of 470 and 138056390.
470
What is the highest common divisor of 805 and 23105593?
161
Calculate the highest common factor of 11905531 and 209.
11
What is the highest common factor of 18065571 and 388?
97
What is the greatest common divisor of 123 and 144533733?
123
What is the highest common factor of 190 and 7415852?
38
What is the highest common factor of 4320 and 11750940?
540
Calculate the highest common factor of 1994 and 320465710.
1994
What is the highest common factor of 33778140 and 3355?
3355
Calculate the greatest common divisor of 929 and 35075324.
929
Calculate the greatest common factor of 3928469 and 3161.
109
What is the greatest common divisor of 16 and 122514544?
16
Calculate the greatest common factor of 326 and 15818.
2
What is the greatest common factor of 6102 and 5673843?
1017
Calculate the greatest common factor of 4964 and 22984.
68
Calculate the greatest common factor of 1105230 and 1050.
210
What is the greatest common divisor of 853121 and 13667?
79
What is the highest common factor of 139445480 and 229520?
6040
Calculate the highest common factor of 987288 and 793848.
744
Calculate the highest common factor of 2028 and 5875454.
338
What is the highest common factor of 978 and 616030138?
326
Calculate the greatest common factor of 10922032 and 2224.
16
What is the highest common factor of 640 and 189920?
160
Calculate the highest common factor of 112544 and 1377760.
32
What is the greatest common factor of 85549047 and 51?
3
What is the greatest common factor of 90824285 and 935?
85
What is the greatest common factor of 174548524 and 172?
172
Calculate the greatest common factor of 563951 and 3910199.
2081
What is the highest common factor of 2619 and 22953886?
97
Calculate the greatest common divisor of 72 and 417807.
9
What is the greatest common factor of 87300 and 316125?
225
What is the greatest common factor of 345 and 14781165?
15
Calculate the highest common factor of 224 and 19189408.
224
What is the greatest common divisor of 3141500 and 20500?
500
What is the greatest common divisor of 6730 and 6020658?
1346
Calculate the highest common divisor of 33510 and 8005.
5
What is the greatest common divisor of 14760 and 259993710?
3690
Calculate the highest common divisor of 28604070 and 1350.
270
What is the highest common divisor of 23484 and 311658?
6
Calculate the highest common factor of 150203682 and 26631.
2421
What is the greatest common factor of 6253 and 91601159?
481
Calculate the greatest common factor of 33 and 33505417.
11
What is the highest common divisor of 59998148 and 1329?
443
Calculate the greatest common divisor of 2835 and 1065258621.
567
Calculate the highest common divisor of 4495 and 28301419.
899
What is the greatest common divisor of 1125 and 795924?
9
Calculate the highest common divisor of 3497751 and 12177.
369
Calculate the highest common divisor of 801 and 310095936.
801
Calculate the greatest common factor of 7248 and 41830926.
906
What is the greatest common factor of 245697466 and 14?
14
Calculate the highest common divisor of 20237 and 106043.
7
What is the highest common divisor of 4 and 79534556?
4
Calculate the greatest common divisor of 49944103 and 209.
209
Calculate the greatest common divisor of 816 and 1118158.
34
Calculate the highest common divisor of 33 and 1379566364.
11
What is the greatest common divisor of 21852 and 6385640?
2428
Calculate the highest common divisor of 1656480 and 61540.
340
Calculate the greatest common factor of 96465519 and 92.
23
Calculate the highest common divisor of 11660632 and 8.
8
What is the highest common factor of 4107 and 16087119?
4107
What is the greatest common divisor of 322553 and 55?
11
What is the highest common divisor of 225 and 14080455?
45
What is the highest common factor of 67986 and 19062?
54
Calculate the greatest common factor of 686 and 2100136864.
686
What is the highest common factor of 6411 and 11181?
3
What is the highest common factor of 130647930 and 210?
210
Calculate the greatest common divisor of 946837 and 31061.
349
What is the greatest common divisor of 261534755 and 17236?
4309
What is the highest common factor of 28005180 and 17220?
420
What is the greatest common divisor of 241209822 and 1618?
1618
What is the highest common factor of 95620601 and 2831?
149
What is the highest common factor of 16674 and 555576?
42
Calculate the greatest common factor of 31014 and 266688.
18
What is the greatest common factor of 396825 and 47212?
407
Calculate the greatest common factor of 25285 and 133055.
65
Calculate the highest common divisor of 269943 and 11682723.
3417
What is the highest common divisor of 735525 and 5145?
105
Calculate the greatest common factor of 318961780 and 54160.
13540
What is the highest common factor of 3328895 and 152?
19
Calculate the greatest common divisor of 24331 and 667.
29
What is the greatest common factor of 153 and 171306042?
51
What is the greatest common divisor of 146718171 and 9063?
171
What is the highest common factor of 64905 and 399975?
15
Calculate the greatest common divisor of 38796 and 1037157.
159
What is the greatest common factor of 1648 and 524304?
16
What is the highest common divisor of 32499 and 928341?
1413
What is the highest common factor of 14732 and 300556?
116
Calculate the highest common divisor of 666 and 3677430.
222
Calculate the highest common divisor of 5934 and 90456907.
989
What is the highest common divisor of 3392394 and 719250?
822
What is the highest common divisor of 3408 and 16107344?
1136
What is the greatest common factor of 9366 and 735126?
42
What is the gr